 and 71961?
1411
What is the highest common divisor of 4105 and 148601?
821
What is the greatest common divisor of 46 and 293894?
46
Calculate the greatest common factor of 34034 and 572.
286
What is the highest common factor of 218815 and 4815?
535
Calculate the greatest common factor of 1686188 and 56.
28
What is the greatest common factor of 19 and 119263?
19
What is the highest common divisor of 42 and 105882?
42
Calculate the greatest common divisor of 96 and 249728.
32
Calculate the highest common divisor of 4950532 and 116.
116
What is the highest common factor of 19573 and 57132?
529
What is the highest common factor of 2423512 and 13?
13
What is the greatest common divisor of 158 and 64306?
158
Calculate the highest common factor of 35 and 2016.
7
What is the greatest common factor of 488 and 2760?
8
What is the highest common divisor of 7999 and 1577?
19
What is the highest common divisor of 1836 and 2958?
102
What is the highest common divisor of 8172 and 1008?
36
What is the greatest common factor of 57648 and 1008?
48
What is the highest common divisor of 4505 and 3485?
85
What is the greatest common factor of 289518 and 7884?
438
Calculate the greatest common divisor of 32348 and 4.
4
What is the greatest common divisor of 28095 and 45?
15
Calculate the greatest common factor of 99593 and 2444.
611
Calculate the greatest common divisor of 89183 and 1111.
101
Calculate the greatest common factor of 1266 and 3660006.
1266
Calculate the greatest common divisor of 80786 and 48211.
1303
What is the greatest common factor of 21 and 53073?
3
What is the highest common divisor of 852 and 6444?
12
What is the greatest common factor of 767718 and 324?
162
What is the greatest common factor of 2332680 and 56?
56
Calculate the highest common factor of 579 and 87.
3
Calculate the greatest common divisor of 475443 and 81.
27
Calculate the greatest common divisor of 271923 and 33.
3
Calculate the highest common divisor of 378 and 282618.
126
Calculate the highest common factor of 2656 and 266264.
664
Calculate the greatest common divisor of 62356 and 2856.
476
Calculate the greatest common factor of 15 and 24511035.
15
Calculate the highest common factor of 20 and 24650.
10
Calculate the highest common divisor of 345 and 12370.
5
Calculate the greatest common divisor of 4186 and 120302.
182
Calculate the greatest common divisor of 9 and 10713.
3
What is the greatest common factor of 882 and 684?
18
Calculate the highest common divisor of 305 and 87352.
61
What is the greatest common divisor of 6874 and 1722?
14
Calculate the greatest common factor of 292258 and 38.
38
What is the highest common divisor of 91714 and 14?
14
Calculate the greatest common factor of 165110 and 165.
55
What is the highest common factor of 162 and 74682?
162
Calculate the highest common factor of 9402302 and 76.
38
What is the greatest common divisor of 69 and 874115?
23
Calculate the greatest common divisor of 573444 and 17.
17
Calculate the highest common divisor of 1007 and 145692.
19
Calculate the greatest common factor of 80 and 144688.
16
Calculate the greatest common factor of 775 and 1139405.
155
Calculate the greatest common divisor of 126 and 11382.
42
Calculate the greatest common factor of 341704 and 8712.
968
Calculate the highest common factor of 1881 and 5225.
209
What is the greatest common divisor of 190 and 250?
10
What is the highest common divisor of 221213 and 157?
157
What is the highest common divisor of 95 and 485?
5
Calculate the greatest common factor of 206955 and 1062.
9
What is the highest common factor of 607894 and 98?
98
Calculate the highest common factor of 2782 and 4498.
26
What is the highest common factor of 4914 and 19980?
54
What is the greatest common divisor of 424 and 88828?
212
Calculate the greatest common divisor of 15834 and 10374.
546
What is the highest common divisor of 1302 and 1?
1
What is the highest common divisor of 8833 and 6205?
73
Calculate the greatest common factor of 19244 and 2176.
68
What is the greatest common divisor of 442 and 339898?
442
Calculate the highest common divisor of 58325 and 800.
25
Calculate the greatest common divisor of 126 and 90360.
18
What is the greatest common divisor of 981 and 66?
3
What is the highest common divisor of 18 and 251136?
18
What is the greatest common factor of 11232 and 1664?
416
What is the highest common divisor of 9516 and 6396?
156
Calculate the highest common factor of 25263 and 36.
9
Calculate the highest common factor of 227122 and 14.
14
Calculate the highest common divisor of 4640 and 174232.
232
What is the greatest common factor of 82 and 30094?
82
What is the highest common factor of 1449 and 12951?
9
What is the greatest common divisor of 3 and 2483481?
3
Calculate the greatest common factor of 885 and 1247496.
177
What is the highest common divisor of 84953 and 11?
11
Calculate the highest common divisor of 798 and 1268934.
114
Calculate the highest common factor of 2960 and 260.
20
What is the greatest common factor of 700 and 85904?
28
What is the highest common divisor of 123959 and 16225?
649
What is the greatest common factor of 304 and 66424?
152
What is the highest common factor of 29 and 2017?
1
Calculate the highest common divisor of 11651 and 1647.
61
Calculate the greatest common divisor of 849846 and 834.
834
What is the greatest common factor of 63120 and 44400?
240
Calculate the greatest common divisor of 108 and 20022876.
108
Calculate the highest common factor of 116433 and 612.
153
What is the highest common divisor of 9169 and 53?
53
What is the highest common divisor of 411 and 34524?
411
What is the greatest common divisor of 144 and 162576?
144
Calculate the highest common divisor of 203374 and 122.
122
What is the highest common divisor of 3488 and 78916?
436
What is the greatest common factor of 17760 and 624?
48
Calculate the highest common divisor of 88452 and 81.
81
What is the highest common factor of 432 and 543744?
144
Calculate the highest common factor of 4329 and 11063.
481
What is the highest common divisor of 350 and 882?
14
Calculate the greatest common divisor of 3092 and 92.
4
What is the greatest common divisor of 661011 and 442?
221
What is the highest common divisor of 132209 and 56287?
1309
What is the highest common divisor of 4807 and 6688?
209
Calculate the greatest common divisor of 60 and 466812.
12
Calculate the highest common divisor of 8372 and 736.
92
What is the greatest common divisor of 19184 and 9701?
109
What is the greatest common divisor of 99255 and 1018?
509
Calculate the greatest common divisor of 871038 and 126.
126
Calculate the greatest common divisor of 132 and 406956.
132
Calculate the highest common divisor of 214 and 848296.
214
Calculate the highest common factor of 609 and 3625.
29
Calculate the highest common divisor of 27195 and 8330.
245
What is the greatest common factor of 280 and 9198?
14
Calculate the greatest common divisor of 216 and 1600938.
54
What is the greatest common divisor of 3470562 and 10458?
1494
Calculate the greatest common divisor of 14246 and 8262.
34
Calculate the greatest common divisor of 2155123 and 23.
23
What is the highest common divisor of 1438 and 30?
2
What is the highest common factor of 580 and 5220?
580
What is the greatest common divisor of 295 and 155?
5
What is the greatest common divisor of 32032 and 539?
77
Calculate the highest common divisor of 20397 and 26.
13
Calculate the greatest common divisor of 502 and 105671.
251
Calculate the greatest common factor of 288 and 226656.
288
What is the highest common divisor of 583 and 2323255?
583
Calculate the highest common divisor of 307584 and 16.
16
Calculate the highest common factor of 277970 and 308.
154
What is the greatest common divisor of 255 and 10995?
15
Calculate the highest common divisor of 353056 and 59.
59
Calculate the highest common divisor of 27945 and 110745.
1035
What is the greatest common divisor of 228 and 331588?
76
What is the highest common divisor of 574 and 742182?
574
What is the highest common divisor of 81604 and 644?
92
What is the highest common divisor of 1026 and 79458?
114
Calculate the highest common divisor of 244 and 411567.
61
Calculate the greatest comm